{"id":2717,"date":"2015-03-05T09:57:59","date_gmt":"2015-03-05T09:57:59","guid":{"rendered":"http:\/\/myramidnight.com\/?page_id=2717"},"modified":"2015-03-05T14:35:45","modified_gmt":"2015-03-05T14:35:45","slug":"um-mig","status":"publish","type":"page","link":"https:\/\/myramidnight.com\/journal\/?page_id=2717","title":{"rendered":"Um mig"},"content":{"rendered":"<p>\u00c9g heiti Stefan\u00eda Reynisd\u00f3ttir og \u00feetta er vefs\u00ed\u00f0an m\u00edn. \u00c9g hef lengi kalla\u00f0 mig M\u00fdra Midnight \u00feegar \u00e9g er \u00e1 netinu, sem er nafni\u00f0 \u00e1 bl\u00e1a drekanum sem \u00e9g tel mig vera, allavega inn \u00ed m\u00e9r. \u00dea\u00f0 er ekkert markmi\u00f0 \u00ed gangi h\u00e9rna, bara\u00a0venjuleg dagb\u00f3k og \u00f6rl\u00edti\u00f0 blogg \u00ed gangi me\u00f0 myndasafni \u00e1 toppnum.\u00a0M\u00e9r finnst einstaklega gaman a\u00f0 hj\u00e1lpa \u00f6\u00f0rum, deila \u00fev\u00ed sem \u00e9g hef l\u00e6rt og l\u00e6ra meira. \u00c9g er frekar dugleg a\u00f0 finna lausnir \u00e1 hlutum og reddingar.<\/p>\n<p>Skrifa oft\u00a0\u00e1 Ensku\u00a0og\u00a0stundum \u00e1 \u00cdslensku, bara eins og m\u00e9r hentar og hvort \u00e9g s\u00e9 a\u00f0 mi\u00f0a \u00e1 f\u00f3lk n\u00e6rri m\u00e9r e\u00f0a ekki. \u00c9g fann sni\u00f0ugt plugin fyrir wordpress sem leyfir m\u00e9r a\u00f0 hafa \u00fea\u00f0 \u00e1 m\u00f6rgum\u00a0tungum\u00e1lum \u00ed einu sem lesandinn getur einfaldlega vali\u00f0 um. Svo ef \u00e9g \u00e1kve\u00f0 a\u00f0 \u00fe\u00fd\u00f0a einhverja greinina \u00e1 b\u00e1\u00f0um tungum\u00e1lum \u00fe\u00e1 myndi \u00feessi stilling sj\u00e1lfkrafa s\u00fdna \u00fe\u00e9r greinina \u00e1 \u00fev\u00ed tungum\u00e1li sem \u00fe\u00fa valdir\u00a0um.<\/p>\n<p>N\u00fdlega hef \u00e9g \u00e1kve\u00f0i\u00f0 a\u00f0 byrja blogga sm\u00e1vegis um naggr\u00edsi \u00e1 \u00cdslensku vegna \u00feess a\u00f0 m\u00e9r finnst \u00feessi d\u00fdr alveg \u00e6\u00f0isleg og \u00fea\u00f0 \u00e6tti a\u00f0 vera fleirri uppl\u00fdsingar um hvernig eigi a\u00f0 hugsa um \u00feau umfram gamla ramma sem eru fyrir l\u00f6ngu or\u00f0nir \u00fareltir. \u00de\u00fa getur fundi\u00f0 sl\u00f3\u00f0ir a\u00f0 \u00feessum naggr\u00edsa-tengdu greinum h\u00e9r \u00e1 hli\u00f0ar-listanum.<\/p>\n<p>S\u00ed\u00f0an m\u00edn notar Disqus athugasemda-systemi\u00f0, sem er alveg hrein snild \u00feegar \u00fe\u00fa ert a\u00f0 skrifa athugasemdir \u00e1 mismunandi vefs\u00ed\u00f0um sem allir nota Disqus: \u00fea\u00f0 tengist saman og leyfir \u00fe\u00e9r a\u00f0 fylgjast me\u00f0 ef einhver t.d. svarar \u00fe\u00e9r til baka. \u00dearft bara einn a\u00f0gang hj\u00e1 Disqus til a\u00f0 vera me\u00f0 \u00ed hringnum, og svo getur \u00fe\u00fa nota\u00f0 facebook\/google og a\u00f0rar lei\u00f0ir til a\u00f0 innskr\u00e1 \u00feig. Ekkert vesen og allir geta haft samband au\u00f0veldlega. Ekki vera feimin vi\u00f0 a\u00f0 b\u00e6ta \u00fe\u00ednum spurningum\/athugasemdum vi\u00f0 greinarnar hj\u00e1 m\u00e9r, s\u00e9rstaklega \u00feegar \u00fea\u00f0 kemur a\u00f0 naggr\u00edsunum.<\/p>\n","protected":false},"excerpt":{"rendered":"<p>\u00c9g heiti Stefan\u00eda Reynisd\u00f3ttir og \u00feetta er vefs\u00ed\u00f0an m\u00edn. \u00c9g hef lengi kalla\u00f0 mig M\u00fdra Midnight \u00feegar \u00e9g er \u00e1 netinu, sem er nafni\u00f0 \u00e1 bl\u00e1a drekanum sem \u00e9g tel mig vera, allavega inn \u00ed m\u00e9r. \u00dea\u00f0 er ekkert markmi\u00f0 \u00ed gangi h\u00e9rna, bara\u00a0venjuleg dagb\u00f3k og \u00f6rl\u00edti\u00f0 blogg \u00ed gangi me\u00f0 myndasafni \u00e1 toppnum.\u00a0M\u00e9r finnst &hellip; <a href=\"https:\/\/myramidnight.com\/journal\/?page_id=2717\" class=\"more-link\">Continue reading <span class=\"screen-reader-text\">Um mig<\/span><\/a><\/p>\n","protected":false},"author":1,"featured_media":0,"parent":0,"menu_order":0,"comment_status":"closed","ping_status":"open","template":"","meta":[],"_links":{"self":[{"href":"https:\/\/myramidnight.com\/journal\/index.php?rest_route=\/wp\/v2\/pages\/2717"}],"collection":[{"href":"https:\/\/myramidnight.com\/journal\/index.php?rest_route=\/wp\/v2\/pages"}],"about":[{"href":"https:\/\/myramidnight.com\/journal\/index.php?rest_route=\/wp\/v2\/types\/page"}],"author":[{"embeddable":true,"href":"https:\/\/myramidnight.com\/journal\/index.php?rest_route=\/wp\/v2\/users\/1"}],"replies":[{"embeddable":true,"href":"https:\/\/myramidnight.com\/journal\/index.php?rest_route=%2Fwp%2Fv2%2Fcomments&post=2717"}],"version-history":[{"count":8,"href":"https:\/\/myramidnight.com\/journal\/index.php?rest_route=\/wp\/v2\/pages\/2717\/revisions"}],"predecessor-version":[{"id":2754,"href":"https:\/\/myramidnight.com\/journal\/index.php?rest_route=\/wp\/v2\/pages\/2717\/revisions\/2754"}],"wp:attachment":[{"href":"https:\/\/myramidnight.com\/journal\/index.php?rest_route=%2Fwp%2Fv2%2Fmedia&parent=2717"}],"curies":[{"name":"wp","href":"https:\/\/api.w.org\/{rel}","templated":true}]}}