{"id":2710,"date":"2015-03-05T09:45:56","date_gmt":"2015-03-05T09:45:56","guid":{"rendered":"http:\/\/myramidnight.com\/?page_id=2710"},"modified":"2021-04-26T15:47:13","modified_gmt":"2021-04-26T15:47:13","slug":"about-me","status":"publish","type":"page","link":"https:\/\/myramidnight.com\/journal\/","title":{"rendered":"About me"},"content":{"rendered":"<p>\u00c9g heiti Stefan\u00eda Reynis, f\u00e6dd 1987 h\u00e9r \u00e1 \u00cdslandi. <\/p>\n<h3>M\u00f3\u00f0ir<\/h3>\n<p>Hef veri\u00f0 m\u00f3\u00f0ir s\u00ed\u00f0an 2016, \u00e1 n\u00fana tvo \u00e6\u00f0islega str\u00e1ka. \u00dea\u00f0 er \u00f3skaplega miki\u00f0 \u00e6vint\u00fdri a\u00f0 vera foreldri, v\u00e6ri ekki fr\u00e1 \u00fev\u00ed a\u00f0 \u00feetta var eitt af \u00feeim hlutverkum sem m\u00e9r var alltaf \u00e6tla\u00f0, elska \u00feessar d\u00fallur.<\/p>\n<h3>Naggr\u00edsaunnadi<\/h3>\n<p>F\u00e9kk fyrstu naggr\u00edsina m\u00edna 2013 \u00feegar k\u00e6rastinn (n\u00faverandi eiginma\u00f0ur) stakk upp \u00e1 \u00fev\u00ed, \u00fev\u00ed hann vissi a\u00f0 \u00e9g hef\u00f0i veri\u00f0 a\u00f0 rannsaka hvort h\u00e6gt v\u00e6ri a\u00f0 eiga g\u00e6lurottur h\u00e9r \u00e1 landi, og naggr\u00edsir virtust vera eins n\u00e1l\u00e6gt \u00fev\u00ed sem ma\u00f0ur gat haft h\u00e9rna. <\/p>\n<p>Fannst svo gaman af \u00fev\u00ed a\u00f0 hafa naggr\u00edsi, jafnvel eiginma\u00f0urinn sem var me\u00f0 eitthva\u00f0 snertiofn\u00e6mi fyrir \u00feeim f\u00e9ll fyrir \u00feeim, mikil sorg \u00feegar einhver \u00ed hj\u00f6r\u00f0inni f\u00e9ll fr\u00e1. Hj\u00f6r\u00f0in var st\u00e6r\u00f0st 5 gr\u00edsir \u00e1 t\u00edmabili, sem er einnig heildarfj\u00f6ldi naggr\u00edsa sem \u00e9g hef nokkurnt\u00edman \u00e1tt.<\/p>\n<p>Hef \u00fev\u00ed mi\u00f0ur ekki veri\u00f0 me\u00f0 neina naggr\u00edsi s\u00ed\u00f0an 2017, en \u00fea\u00f0 minnkar ekki \u00e1hugann \u00e1 \u00feeim. Setti upp <a href=\"https:\/\/grisanaggar.myramidnight.com\">\u00edslenska s\u00ed\u00f0u me\u00f0 uppl\u00fdsingum<\/a> um \u00feessi yndilsegu g\u00e6lud\u00fdr, og langar enn\u00fe\u00e1 a\u00f0 gera hana betri.<\/p>\n<h3>Teiknari<\/h3>\n<p>M\u00e9r finnst mj\u00f6g gaman a\u00f0 teikna dreka og a\u00f0rar fur\u00f0uverur, er alveg \u00e1g\u00e6t \u00ed \u00fev\u00ed.<\/p>\n<h3>F\u00f6ndrari<\/h3>\n<p>\u00c9g hef mj\u00f6g gaman af \u00fev\u00ed a\u00f0 f\u00f6ndra, hvort \u00fea\u00f0 s\u00e9u perlur, sauma, e\u00f0a jafnvel plasta inn b\u00e6kur og b\u00faa til eitthva\u00f0 handa b\u00f6rnunum. <\/p>\n<h3>Vefh\u00f6nnu\u00f0ur<\/h3>\n<p>Um lei\u00f0 og \u00e9g uppg\u00f6tva\u00f0i interneti\u00f0 og \u00e1tta\u00f0i mig \u00e1 \u00fev\u00ed a\u00f0 \u00e9g g\u00e6ti stj\u00f3rna\u00f0 \u00fatliti \u00e1 \u00fdmsu sem birtist \u00fear einfaldlega me\u00f0 \u00fev\u00ed a\u00f0 kunna <em>CSS<\/em>, \u00fe\u00e1 var \u00e9g strax dottin inn \u00ed \u00fea\u00f0 \u00e1hugam\u00e1l a\u00f0 gera s\u00ed\u00f0ur og pr\u00f3f\u00edla einstaka me\u00f0 \u00feeirri kunn\u00e1ttu. Fyrsta s\u00ed\u00f0an m\u00edn var n\u00fa \u00e1 <a href=\"https:\/\/myramidnight.com\/geocities\">geocities<\/a> (n\u00e1\u00f0i a\u00f0 bjarga upprunalega k\u00f3\u00f0a s\u00ed\u00f0unnar, og \u00e1kva\u00f0 a\u00f0 h\u00fdsa \u00fea\u00f0 a\u00f0 gamni m\u00ednu, sj\u00e1 hvernig hlutir hafa n\u00fa breyst yfir t\u00ed\u00f0ina).<\/p>\n<p>\u00dea\u00f0 var n\u00fa samt ekki fyrr en \u00e9g komst inn \u00ed Vefsk\u00f3lann (\u00fatskrifa\u00f0ist 2019) a\u00f0 \u00e9g \u00e1tta\u00f0i mig \u00e1 \u00fev\u00ed a\u00f0 \u00feetta v\u00e6ri eitthva\u00f0 sem mig langa\u00f0i a\u00f0 vinna vi\u00f0. \u00deetta var 2ja \u00e1ra n\u00e1m \u00e1 \u00feeim t\u00edma. F\u00f3r strax \u00ed t\u00f6lvunarfr\u00e6\u00f0i \u00ed H\u00e1sk\u00f3lanum \u00ed Reykjav\u00edk a\u00f0 \u00fev\u00ed loknu.<\/p>\n<p>Hef einstakan \u00e1huga \u00e1 a\u00f0 setja saman uppl\u00fdsingaveitur (wikis) og skipulagi \u00e1 g\u00f6gnum, hef n\u00fa \u00feegar sett upp 3 mismunandi uppl\u00fdsingaveitur sem eru enn\u00fe\u00e1 nota\u00f0ar innan \u00e1kve\u00f0inna h\u00f3pa. <\/p>\n","protected":false},"excerpt":{"rendered":"<p>\u00c9g heiti Stefan\u00eda Reynis, f\u00e6dd 1987 h\u00e9r \u00e1 \u00cdslandi. M\u00f3\u00f0ir Hef veri\u00f0 m\u00f3\u00f0ir s\u00ed\u00f0an 2016, \u00e1 n\u00fana tvo \u00e6\u00f0islega str\u00e1ka. \u00dea\u00f0 er \u00f3skaplega miki\u00f0 \u00e6vint\u00fdri a\u00f0 vera foreldri, v\u00e6ri ekki fr\u00e1 \u00fev\u00ed a\u00f0 \u00feetta var eitt af \u00feeim hlutverkum sem m\u00e9r var alltaf \u00e6tla\u00f0, elska \u00feessar d\u00fallur. Naggr\u00edsaunnadi F\u00e9kk fyrstu naggr\u00edsina m\u00edna 2013 \u00feegar k\u00e6rastinn &hellip; <a href=\"https:\/\/myramidnight.com\/journal\/\" class=\"more-link\">Continue reading <span class=\"screen-reader-text\">About me<\/span><\/a><\/p>\n","protected":false},"author":1,"featured_media":0,"parent":0,"menu_order":0,"comment_status":"closed","ping_status":"open","template":"","meta":[],"_links":{"self":[{"href":"https:\/\/myramidnight.com\/journal\/index.php?rest_route=\/wp\/v2\/pages\/2710"}],"collection":[{"href":"https:\/\/myramidnight.com\/journal\/index.php?rest_route=\/wp\/v2\/pages"}],"about":[{"href":"https:\/\/myramidnight.com\/journal\/index.php?rest_route=\/wp\/v2\/types\/page"}],"author":[{"embeddable":true,"href":"https:\/\/myramidnight.com\/journal\/index.php?rest_route=\/wp\/v2\/users\/1"}],"replies":[{"embeddable":true,"href":"https:\/\/myramidnight.com\/journal\/index.php?rest_route=%2Fwp%2Fv2%2Fcomments&post=2710"}],"version-history":[{"count":8,"href":"https:\/\/myramidnight.com\/journal\/index.php?rest_route=\/wp\/v2\/pages\/2710\/revisions"}],"predecessor-version":[{"id":3926,"href":"https:\/\/myramidnight.com\/journal\/index.php?rest_route=\/wp\/v2\/pages\/2710\/revisions\/3926"}],"wp:attachment":[{"href":"https:\/\/myramidnight.com\/journal\/index.php?rest_route=%2Fwp%2Fv2%2Fmedia&parent=2710"}],"curies":[{"name":"wp","href":"https:\/\/api.w.org\/{rel}","templated":true}]}}

<p>Ég heiti Stefanía Reynis, fædd 1987 hér á Íslandi. </p>
<h3>Móðir</h3>
<p>Hef verið móðir síðan 2016, á núna tvo æðislega stráka. Það er óskaplega mikið ævintýri að vera foreldri, væri ekki frá því að þetta var eitt af þeim hlutverkum sem mér var alltaf ætlað, elska þessar dúllur.</p>
<h3>Naggrísaunnadi</h3>
<p>Fékk fyrstu naggrísina mína 2013 þegar kærastinn (núverandi eiginmaður) stakk upp á því, því hann vissi að ég hefði verið að rannsaka hvort hægt væri að eiga gælurottur hér á landi, og naggrísir virtust vera eins nálægt því sem maður gat haft hérna. </p>
<p>Fannst svo gaman af því að hafa naggrísi, jafnvel eiginmaðurinn sem var með eitthvað snertiofnæmi fyrir þeim féll fyrir þeim, mikil sorg þegar einhver í hjörðinni féll frá. Hjörðin var stærðst 5 grísir á tímabili, sem er einnig heildarfjöldi naggrísa sem ég hef nokkurntíman átt.</p>
<p>Hef því miður ekki verið með neina naggrísi síðan 2017, en það minnkar ekki áhugann á þeim. Setti upp <a href="https://grisanaggar.myramidnight.com">íslenska síðu með upplýsingum</a> um þessi yndilsegu gæludýr, og langar ennþá að gera hana betri.</p>
<h3>Teiknari</h3>
<p>Mér finnst mjög gaman að teikna dreka og aðrar furðuverur, er alveg ágæt í því.</p>
<h3>Föndrari</h3>
<p>Ég hef mjög gaman af því að föndra, hvort það séu perlur, sauma, eða jafnvel plasta inn bækur og búa til eitthvað handa börnunum. </p>
<h3>Vefhönnuður</h3>
<p>Um leið og ég uppgötvaði internetið og áttaði mig á því að ég gæti stjórnað útliti á ýmsu sem birtist þar einfaldlega með því að kunna <em>CSS</em>, þá var ég strax dottin inn í það áhugamál að gera síður og prófíla einstaka með þeirri kunnáttu. Fyrsta síðan mín var nú á <a href="https://myramidnight.com/geocities">geocities</a> (náði að bjarga upprunalega kóða síðunnar, og ákvað að hýsa það að gamni mínu, sjá hvernig hlutir hafa nú breyst yfir tíðina).</p>
<p>Það var nú samt ekki fyrr en ég komst inn í Vefskólann (útskrifaðist 2019) að ég áttaði mig á því að þetta væri eitthvað sem mig langaði að vinna við. Þetta var 2ja ára nám á þeim tíma. Fór strax í tölvunarfræði í Háskólanum í Reykjavík að því loknu.</p>
<p>Hef einstakan áhuga á að setja saman upplýsingaveitur (wikis) og skipulagi á gögnum, hef nú þegar sett upp 3 mismunandi upplýsingaveitur sem eru ennþá notaðar innan ákveðinna hópa. </p>

<p>Ég heiti Stefanía Reynis, fædd 1987 hér á Íslandi. Móðir Hef verið móðir síðan 2016, á núna tvo æðislega stráka. Það er óskaplega mikið ævintýri að vera foreldri, væri ekki frá því að þetta var eitt af þeim hlutverkum sem mér var alltaf ætlað, elska þessar dúllur. Naggrísaunnadi Fékk fyrstu naggrísina mína 2013 þegar kærastinn &hellip; <a href="https://myramidnight.com/journal/" class="more-link">Continue reading <span class="screen-reader-text">About me</span></a></p>
